t r(c) = -c**3 + c**2 + c + 1. Let o be r(g). Let j(b) = 8*b**3 + b**2 + b + 1. Determine j(o).
-7
Let x = 1 - -2. Let j(f) = -2*f + 2 + 0*f**x + 3*f + f**3 - 2*f**2 + 3*f**2. Suppose -2*y + k = -4*k - 20, 2*y + 8 = -2*k. Calculate j(y).
2
Let v be (4 - 7)*(-1 + 0). Suppose -2*t + v*t = 4, 2*g + 18 = 2*t. Let p(x) = -x**2 - 31 - x**3 - 5*x**2 + 6*x + 24 - 11*x. What is p(g)?
-7
Let d(o) be the third derivative of o**5/60 - o**4/3 + 13*o**3/6 - 4*o**2. Let f be d(6). Let n(h) = 4*h. Give n(f).
4
Let y(b) be the first derivative of b**3/3 + 7*b**2/2 + 2*b - 116. What is y(-7)?
2
Let r(b) be the third derivative of b**4/12 - b**3 + 4*b**2 + 27*b. Let q be ((-14)/(-3))/(3/(-72)). Let k be (-2)/9 + q/(-18). Determine r(k).
6
Let k(f) = -4*f + 5. Suppose -2*p + 52 = -6*p. Let x = p + 18. Give k(x).
-15
Let y be -8 + 2 - 18/(-2). Let a(p) be the second derivative of -2*p + 0 + 1/6*p**y - 1/2*p**2. Give a(6).
5
Let z be 15/3 - (1 + -1). Suppose z*u = 50 - 0. Let j be (u/6)/(3/(-9)). Let w(v) = v**3 + 5*v**2 + 6. Determine w(j).
6
Let m(z) = 4*z**3 - 9*z**2 + 2*z + 2. Let g(c) = -c**3 + c**2 - 1. Let v(u) = -5*g(u) - m(u). Determine v(-5).
-12
Let m = 2 - 5. Let s(g) = 4*g + 7. Let b(z) = 2*z + 3. Suppose -u + 4 = 2, 0 = 4*v - 5*u + 50. Let f(h) = v*b(h) + 4*s(h). Give f(m).
10
Let l be 170/6 + 2/(-6). Let x(z) = -24*z - z**2 - l*z + 5 + 49*z. Give x(-5).
-5
Let p(a) = 3*a**3 + 3*a + 2*a - 5*a**2 - 2*a**3. Let d be (1/(-2))/(12/(-96)). Calculate p(d).
4
Suppose 2*l - 4 = -0. Suppose 8 + 4 = -l*u. Let t(q) = 41 - q**2 - 5*q + 0*q - 43. What is t(u)?
-8
Suppose -s - 83 = -95. Let d(i) = 1734*i + i**3 - s*i**2 - 7 - 863*i - 870*i. Calculate d(12).
5
Let h(j) be the second derivative of 0*j**3 - 7/12*j**4 + 1/2*j**2 + 1/20*j**5 + 0 - 26*j. What is h(7)?
1
Let n(u) = -7*u - 1. Let p(b) = -b**2 - 3*b - 3. Let a be (0/1 - 2)/1. Let j be p(a). Calculate n(j).
6
Let q(d) = 4 - 3*d + d + 3*d. Let j(u) = -u**2 - 12*u - 14. Let o be j(-12). Let g = o - -14. Determine q(g).
4
Let y(p) = -p**2 - 15. Let i(k) = 5*k**2 + k - 2. Let s be i(1). Suppose 0*n = 5*n - s*n. Give y(n).
-15
Let u(t) = -3 + 2 + t + 9 + 0. Let z be u(-6). Suppose h = -z*h + 6. Let i(a) = a**3 - a**2 + a - 2. Determine i(h).
4
Let o(y) be the third derivative of 7*y**5/60 - y**4/24 + y**3/6 + 2*y**2 - 12. What is o(2)?
27
Let k(c) = -7*c + c**2 + 0*c + 0*c**2 + 0*c + 3*c + 2. Give k(6).
14
Let l(x) = x**2 + x + 5. Suppose -6*w + 9 = -3*w. Suppose 2*s + w*s + 5 = 0. Let r be 0/(s - 1 - -3). What is l(r)?
5
Let c(a) = -440*a + 869*a - 432*a + 35. Calculate c(12).
-1
Let k be 2/4 + 2 + (-2320)/160. Let b(v) = v**2 + 13*v + 10. Calculate b(k).
-2
Let h(x) = -x**3 - 6*x**2 - x - 4. Let o be h(-6). Let g(p) = 3*p + 1. Let r(l) = -9*l - 1. Let w(s) = 5*g(s) + 2*r(s). Give w(o).
-3
Suppose 2*f = -3*z + 3 + 2, 5*z = f + 30. Let k(p) = p - 2*p - 4 + 5. Give k(f).
6
Let q(f) = 13*f + 86. Let b(k) = 4*k + 30. Let i(r) = -8*b(r) + 3*q(r). Give i(-3).
-3
Let q(i) = -4 - 1 + 15 + 2*i - 6 - i. Let n(v) = -4 - 2 + 5. Let t(m) = -4*n(m) - q(m). Give t(4).
-4
Let f be 8 - (-9 - -3)/(-2). Let x(y) = y**3 + 7*y**2 + 7*y + 3. Let a(t) = -t**3 - 8*t**2 - 8*t - 3. Let l(q) = f*x(q) + 4*a(q). Calculate l(-3).
-6
Suppose -24*v - 12 = -36*v. Let u(t) = 5*t**3 + t**2 - t. Determine u(v).
5
Let m(g) = -3*g**2 + 25*g - 36. Let x(d) = d**2 - 8*d + 12. Let i(c) = -2*m(c) - 7*x(c). Calculate i(10).
-52
Let p = 305 + -300. Let s(z) = z. Let r(x) = -x + 6. Let q(l) = 6. Let y(u) = 5*q(u) - 6*r(u). Let i(m) = p*s(m) - y(m). Give i(0).
6
Suppose -4 = 3*r - 25. Let c(h) = -2*h**2 - 13*h + 1. Let d(k) = -3*k**2 - 19*k + 2. Let y(g) = r*c(g) - 5*d(g). What is y(-5)?
2
Let r(l) be the first derivative of -2*l**3/3 - 4*l**2 - 6*l - 49. Calculate r(-5).
-16
Let z be 20/8 - 35/(-14). Let i(l) = l**2 + 4*l - 6. Give i(z).
39
Let t(r) = -r**3 + 3*r**2. Let a(j) = j**3 + 2*j**2 - 9*j - 3. Let u be a(-4). Let v(w) = w**2 + w - 1. Let c(l) = u*v(l) - t(l). What is c(1)?
-1
Let l(f) = f**2 - 84 - 6*f + 0*f + 80. Determine l(6).
-4
Let o(d) = 17*d**2 - d - 4. Let z(c) = 7*c**2 - 2. Let g(n) = 2*o(n) - 5*z(n). Let s(j) = j**3 - 6*j**2 + 4. Let r be s(6). Suppose -r*k = -0*k + 8. Give g(k).
2
Let o be (-6)/24 + (-29)/(-4). Let t(b) be the third derivative of -b**6/120 + b**5/10 + 3*b**4/8 - 4*b**3/3 - 8*b**2 - 1. Give t(o).
6
Suppose -2*l - 4*u = -u - 3, -l = -4*u + 4. Let d(r) = 3*r - 20. Let v be d(7). Let z be 6 + -3 - (l - v). Let f(k) = k**3 - 4*k**2 + 2*k - 2. Determine f(z).
6
Let k(y) be the second derivative of -y**4/12 + 3*y**3/2 - 5*y**2/2 - y - 46. Determine k(7).
9
Let f(a) = a**3 - 10*a**2 - 13. Let i be (-82)/(-8) + (-16)/64. Calculate f(i).
-13
Let c(l) = -l - 18. Suppose 5*w - 2 = 3*w. Let p(f) = -1. Let y(v) = w*c(v) - 6*p(v). Calculate y(0).
-12
Let a(n) be the second derivative of -n**5/60 - n**4/24 + n**2 - 2*n. Let h(d) be the first derivative of a(d). Suppose 52 = c + 51. What is h(c)?
-2
Let d = 83 + -92. Let b(a) = a**3 + 10*a**2 + 10*a - 4. Determine b(d).
-13
Suppose 0 = 4*r - 2*l + 6, -4*r + 2*l = -3*r + 9. Let x(o) = -22*o - 1 + 23*o**3 + 14*o**3 + o**2 + 23*o - 42*o**3. Calculate x(r).
-4
Let z(p) = 3*p**2 + 3*p + 3 + 0*p + 2*p + p**3. Let a be 6*(14/(-4) + 3). Give z(a).
-12
Let n(c) = -c**3 + 6*c**2 + 6*c + 4. Suppose 5*s - 2*y + 6 = 49, 12 = -3*y. Give n(s).
-3
Let k = -7 - -10. Suppose -k*a + 40 = 2*a - 4*o, a - 5*o - 29 = 0. Let p(h) = 11*h**3 + 2*h**2 + a*h**2 - 10*h**3 + 7. Give p(-6).
7
Let i(m) = 1034 + 6*m**2 + 5*m + m**3 - 1036 - m. Determine i(-4).
14
Let s(n) = -n**2 - 3*n + 3. Let b(j) = j**3 - j**2 - 1. Let w be b(0). Let q be -1 - (-3 - (-1 - w)). Give s(q).
-7
Suppose 0 - 3 = x. Let w(l) = -4*l + 18. Let r(c) = 13*c - 61. Let y(g) = -2*r(g) - 7*w(g). What is y(x)?
-10
Let i(o) be the second derivative of -o**5/20 + 5*o**4/6 + 13*o**3/6 - 5*o**2/2 - o - 48. Give i(11).
17
Let w(n) = 35*n**2 - 8*n. Let c(r) = -12*r**2 + 3*r. Let b(y) = -11*c(y) - 4*w(y). Suppose -9*p + 4 = 13. Determine b(p).
-7
Let s = -33 + 43. Suppose 0 = -4*o - 4*k + 20, s + 1 = -5*o + 4*k. Let x(i) = -8*i - 1. Calculate x(o).
-9
Let q be 7/21*-1*(22 + -1). Let w(t) = t**2 + 7*t - 9. What is w(q)?
-9
Let u(j) = -j**3 - 3*j**2. Let f = 518 - 522. Determine u(f).
16
Let t(c) be the second derivative of -c**5/20 + c**4/2 + c**3 + 5*c**2/2 + c - 14. Give t(6).
41
Let y(a) = -4*a - 19. Let r(d) = -3*d - 13. Suppose 2*t + t = -u - 20, 0 = -4*u - 2*t - 50. Let k = u - -6. Let o(n) = k*y(n) + 7*r(n). What is o(-3)?
7
Let s(w) = 5*w**2 - w. Suppose 0 = -4*j + j + 2*u - 2, -3 = 4*j - 3*u. Suppose 2*g - c + 6 - 1 = 0, j = -5*g - c - 2. Let t be -3 + 2 + 1 + g. What is s(t)?
6
Let f be ((-304)/(-40) + -7)*-5. Let q(u) = 1. Let g(p) = -p**2 - 6*p - 3. Let t be g(-6). Let j(x) = 3*x + 6. Let v(m) = t*q(m) + j(m). Give v(f).
-6
Let n(r) = 5*r - 7. Let p(w) = -w**2 - 13. Let s(g) = -g**2. Let x be s(0). Let i be p(x). Let d(c) = 11*c - 15. Let f(v) = i*n(v) + 6*d(v). What is f(-1)?
0
Suppose 0 = -3*s - 3, 16*l = 15*l + 4*s - 4. Let b(u) = u**3 + 9*u**2 + 5*u - 20. Give b(l).
4
Let a(b) = b**3 + 9*b**2 + 8*b - 6. Let j be a(-8). Let x be (-3)/(-2*(-3)/j). Let c be ((-2 - 1)/x)/1. Let z(u) = -8*u**2 - u - 1. Calculate z(c).
-8
Suppose -5*d + 6*d = 5*f - 17, 4*d = 2*f - 14. Let h be f + (8 - 3)*8/20. Let b(c) be the second derivative of c**3/2 - 2*c**2 + c. Give b(h).
11
Let y(b) = b**2 + 6*b - 1. Suppose -24*w + 6*w = -90. Suppose 2*k + v - 44 = 2*v, -v - 107 = -5*k. Suppose -w*p - 4 - k = 0. Give y(p).
-6
Let r(d) = -d**2 + d + 1. Let a = -24 - -26. Let h(o) = -3*o**2 + 2*o + 13. Let p(g) = a*r(g) - h(g). Give p(0).
-11
Let r(l) = -l**2 + 15*l - 12 + 25 - 16 - 7*l. Determine r(9).
-12
Suppose -5*q = -p + 9, -24*p - 1 = -23*p. Let l(n) = -2*n + 1. Determine l(q).
5
Let p(g) = -2*g + g**2 + 3*g - 6 - 4*g. Let j(b) = -b**3 - 9*b**2 + 9*b - 2. Let s be j(-10). Let f = s - 3. Determine p(f).
4
Suppose -5*h + l - 12 = -7*h, 0 = h - 5*l + 5. Let f(g) = -6*g + 4. What is f(h)?
-26
Suppose -3*o + 6 = 2*u, 2*o - 12 = -4*u + 3*o. Let m(w) be the second derivative of -w**4/6 + w**3/2 + 2*w**2 - 9*w. Determine m(u).
-5
Let p(g) = -g + 1. Let x(l) = -l + 1. Let o = -3 - 1. Let r(d) = o*x(d) + 5*p(d). Give r(-8).
9
Let p = -18 + 21. Suppose 2 + 1 = -3*b - 5*f,